 be 38 + -3 + (2 - 0). Let i = d - -27. Calculate the remainder when i is divided by (1 - (-42)/(-9))*-6.
20
Let r = -204 + 341. What is the remainder when r is divided by 7?
4
Let l = -9 - -18. Suppose 11*n - 8*n - 3 = 0. Calculate the remainder when l is divided by ((-15)/9)/(n/(-3)).
4
Let i(j) = -4*j - 5. Calculate the remainder when 31 is divided by i(-4).
9
Suppose 0 = 5*o - 103 - 117. Suppose 4*w - 38 = p, -4*w - 3*p + p + o = 0. Let j = w + -4. What is the remainder when 17 is divided by j?
5
Suppose -154 = -6*m + 4*m. Suppose 105 = 4*h + 5*b, 3*h + 2*b - 70 = -0*b. What is the remainder when m is divided by h?
17
Let d = 19 + -15. Suppose -d*o - 60 = -2*k, 2*k - o = 6*k - 102. What is the remainder when 101 is divided by k?
23
Let d(p) = -16*p**2 - 5*p. Let s be d(-4). Let i = s + 419. Let k = i + -127. What is the remainder when k is divided by 19?
18
Let y be (-2)/(5/((-75)/(-6))). Let o(w) = w**2 + 5*w + 5. What is the remainder when ((-14)/(-3))/((-2)/(-6)) is divided by o(y)?
4
Let r = -3 - 0. Let a = r + -5. Calculate the remainder when 77/3 - a/(-12) is divided by 13.
12
What is the remainder when (-9 + -3)/(8/(-20)) is divided by 11?
8
Let t = 55 - 39. Let n be (1026/(-45))/(1/(-5)). Suppose -45 = -5*y + l + n, -70 = -2*y + 2*l. What is the remainder when y is divided by t?
15
Let l = -30 - -38. What is the remainder when 85 is divided by l?
5
Let h(j) = 3*j - 1. Suppose 13 = 5*f + 3. Calculate the remainder when -1*(2*9)/(-2) is divided by h(f).
4
Let f(k) = 22*k + 17. What is the remainder when f(3) is divided by 17?
15
Let o = 6 + -6. Suppose 0 = 2*r - o - 28. What is the remainder when r is divided by 5?
4
Suppose 0*r + 4*a = -3*r, -7 = -4*r - 3*a. Suppose -14 = -y - 4*c, r*y - 18 - 10 = -2*c. Suppose y = -3*k + 33. What is the remainder when k is divided by 6?
3
Let c = -61 - -73. What is the remainder when 117 is divided by c?
9
Let j = 23 - 14. What is the remainder when 33 is divided by j?
6
Let a(i) = 12*i**2 - 2. Calculate the remainder when a(-2) is divided by 1298/110 + (-1)/(-5).
10
Let c(f) be the third derivative of f**6/120 - f**5/60 - f**3/2 + f**2. What is the remainder when (-116)/6*(-1 + 10/(-5)) is divided by c(3)?
13
Let v = 3 + -4. Let f(b) = 2*b**2 - b - 1. Let w be f(v). Suppose 2*g - 28 = -w*g. Calculate the remainder when 13 is divided by g.
6
Let y(g) = g**3 + 6*g**2 - g - 4. What is the remainder when y(-6) is divided by 1?
0
Let r = 6 - 8. Let k(l) = -2*l**2 + 2*l + 3. Let j be k(r). Let q = 15 + j. Calculate the remainder when 17 is divided by q.
5
Suppose -5*r = 2*q + 8, q + 2*r + 0*r + 2 = 0. Let a be -16 + 13 + 4/(-1). Let f = 10 - a. What is the remainder when f is divided by q?
5
Let b be (63/(-12))/(15/(-560)). Calculate the remainder when 25 is divided by b/(-35)*(-5)/2.
11
Suppose u + 50 = 4*p, -3*u + 27 = 3*p - 3. Calculate the remainder when p is divided by 42/8 + (-4)/16.
2
Let l = 22 + -13. What is the remainder when 25 is divided by l?
7
Let x = -28 + 34. Calculate the remainder when 15 is divided by x.
3
Let j = 10 + -6. Suppose -j*z - 3*r = r - 92, -z + 23 = -2*r. Calculate the remainder when 68 is divided by z.
22
Let n(x) = 5*x + 1. What is the remainder when n(8) is divided by (-2)/4 + (-43)/(-2)?
20
Let r(u) = -3*u - 7. Let c be r(-4). Suppose a - 5*k = 2, 4 = c*k - 1. What is the remainder when 11 is divided by a?
4
Let c = -2 - -4. Suppose 0 = y + c*y - 45. What is the remainder when 29 is divided by y?
14
Suppose -53 = -12*u + 67. What is the remainder when 46 is divided by u?
6
Let w(f) = -2 + 0 + 3*f + 1 + 6*f**2. Calculate the remainder when w(2) is divided by 15.
14
Let n(q) be the second derivative of q**5/20 - q**4/6 + q**2 - q. Calculate the remainder when 31 is divided by n(3).
9
Let l(b) = 2*b - 7. Let z = -14 + 21. Calculate the remainder when l(z) is divided by 3.
1
Let t(k) = -2*k - 6. Let w be t(-4). Suppose w*r = 2*s + 4 - 16, 2*s - 4*r = 8. What is the remainder when 23 is divided by s?
7
Let o = -6 + 13. Let f(l) = -l - 4. Let h be f(-8). Suppose 74 = 5*d + 5*a - 11, -h*d - 3*a = -70. Calculate the remainder when d is divided by o.
5
What is the remainder when 49 is divided by (10/7)/(-2)*2*-7?
9
Let f(d) = d**3 - 9*d**2 + 6*d - 3. Let p(s) = 5*s**3 - 36*s**2 + 23*s - 11. Let b(v) = 9*f(v) - 2*p(v). Calculate the remainder when 44 is divided by b(-10).
14
Let a(j) = -2*j**3 - 2*j - 8*j**2 + j**3 - 2 + 0*j**3 + 3. Let h(k) = -50*k - 1. Calculate the remainder when h(-1) is divided by a(-8).
15
What is the remainder when 89 is divided by 23/((0 + -4)/(-4))?
20
Suppose q + 0*q = -1, -2*q = 5*n + 52. Let g = n + 16. Calculate the remainder when 21 is divided by g.
3
Suppose 0 = 13*d - 1532 - 275. What is the remainder when d is divided by 35?
34
Suppose -4*p = 5*i - 132, -i + 5 + 27 = p. Let b = 70 - p. Calculate the remainder when b is divided by 11.
9
Suppose -5*d - 3*i = -481, 4*d + i = 3*i + 398. Calculate the remainder when d is divided by 25.
23
What is the remainder when -4 - 339/(-6)*(4 - 2) is divided by (-750)/(-27) + (-2)/(-9)?
25
Let b(d) = -d - 1. Calculate the remainder when 32 is divided by b(-23).
10
Suppose 4*l - 2*i = -18, -3*l - 3*i - 35 + 8 = 0. Calculate the remainder when ((-24)/14)/(l/21) is divided by -2 + (7 - 1) + 0.
2
Let w = 78 + -39. Calculate the remainder when w is divided by 10.
9
Let u(d) = d**2 + 5*d - 4. Calculate the remainder when 28 is divided by u(2).
8
Suppose -d + 5*u + 14 = d, -5*d + u = -35. Suppose 13*c - 17*c = -52. What is the remainder when c is divided by d?
6
Suppose 0 = h + 1 - 5. Suppose -d - 2 = 5. Let w = d - -14. Calculate the remainder when w is divided by h.
3
Let u = 56 - -90. What is the remainder when 29 is divided by u/10 + 2/5?
14
Suppose 4*s = 5*a - 274, a - 112 = -a + s. Calculate the remainder when a is divided by 12.
10
Let f = 61 + -38. Calculate the remainder when 91 is divided by f.
22
Let r be (-1)/(3/6 + -1). Suppose -r*l = -0*l - 24. What is the remainder when l is divided by 3?
0
Suppose -126 = 6*t - 8*t. What is the remainder when t is divided by 16?
15
Let j = -26 + 30. Calculate the remainder when j is divided by 2.
0
Let h = 92 - 63. Calculate the remainder when 258/(-4)*4/(-3) is divided by h.
28
Let w be 2/12 + 118/12. Let o be (-17 + 2)*(-6)/w. Suppose 0*t + o = t. What is the remainder when 26 is divided by t?
8
Let l(x) = -34*x + 5. Calculate the remainder when l(-3) is divided by 27.
26
Let n = 20 - -18. What is the remainder when n is divided by 5?
3
Suppose 0 = -2*w + 2*g + 22, -2*w + w - 4*g = 9. What is the remainder when 27 is divided by w?
6
Let a = -39 + 64. Calculate the remainder when 149 is divided by a.
24
Let d = 6 + -4. Let y(u) = 3*u + 1. What is the remainder when y(2) is divided by d?
1
Let v = 10 - 4. Let z = v + 7. Let f = 20 + -13. What is the remainder when z is divided by f?
6
Suppose 252 = 3*a - 18. Calculate the remainder when a is divided by 23.
21
Let k(o) = 20*o**2 + 16 - 9*o**2 - 1 + o**3. Calculate the remainder when 27 is divided by k(-11).
12
Let w = 16 + -2. What is the remainder when w is divided by (0 + 12/10)/((-3)/(-20))?
6
Let k(c) = -13*c + 2. Calculate the remainder when k(-4) is divided by 19.
16
Let k = -7 - -12. Suppose k*h + 5*f - f - 210 = 0, -3*h - f = -119. Suppose 5*j = -19 + 69. What is the remainder when h is divided by j?
8
Suppose 6 - 2 = k. What is the remainder when 210/k - 1/(-2) is divided by 11?
9
Let i = -7 - -12. Let u = -2 + i. Suppose 0 = 2*k + 4*c - 49 - 97, 5*k + u*c - 330 = 0. Calculate the remainder when k is divided by 16.
15
Suppose 9*w = 4*k + 4*w - 192, w = -4. What is the remainder when k is divided by (-2)/(-4) + 21/2?
10
Suppose p - 204 = -3*p. Suppose 4*s = a + p, 0*a = 3*s - 5*a - 34. What is the remainder when 38 is divided by s?
12
Let h(f) = f**3 + 6*f**2 + 4*f + 5. Let p(n) = 5*n + 1. Let r be p(-1). Calculate the remainder when 40 is divided by h(r).
19
Suppose -9*l = -33 + 6. Calculate the remainder when 15 is divided by l.
0
Let t(n) be the third derivative of n**5/12 + n**4/24 - n**3/6 + n**2. What is the remainder when 13 is divided by t(1)?
3
Let v = 84 - 67. What is the remainder when v is divided by 3?
2
Let p = 26 - 19. What is the remainder when 12 is divided by p?
5
Suppose 31 = 5*f - 24. Wha